7 a composite number?
False
Is 1481 a composite number?
False
Is 15727 composite?
False
Is 34957 a composite number?
True
Is 95597 prime?
True
Is 1232195 prime?
False
Is 22822 prime?
False
Is 132051 a composite number?
True
Is 8903 a prime number?
False
Is 11047 a prime number?
True
Is 1850851 a prime number?
False
Is 25481 composite?
True
Is 38359 a composite number?
True
Is 957407 a prime number?
False
Is 480043 a composite number?
False
Is 14513 prime?
False
Is 80695 prime?
False
Is 79157 composite?
True
Is 903283 composite?
True
Is 2361 prime?
False
Is 12281 a prime number?
True
Is 1549997 composite?
False
Is 107309 a composite number?
False
Is 11027 composite?
False
Is 1721901 composite?
True
Is 25523 composite?
False
Is 325667 composite?
False
Is 1630729 a prime number?
False
Is 57503 composite?
False
Is 5251 composite?
True
Is 22901 a composite number?
False
Is 11959 a prime number?
True
Is 1426053 a composite number?
True
Is 29009 prime?
True
Is 100379 prime?
True
Is 2407 composite?
True
Is 109741 a prime number?
True
Is 444401 a prime number?
True
Is 518659 a composite number?
True
Is 38039 a composite number?
False
Is 6761 composite?
False
Is 19939 a prime number?
False
Is 44417 composite?
False
Is 7151 a prime number?
True
Is 409 a prime number?
True
Is 20697 prime?
False
Is 232613 a prime number?
False
Is 44947 a prime number?
False
Is 6243 a prime number?
False
Is 17165 composite?
True
Is 133099 a composite number?
True
Is 284041 a prime number?
True
Is 98711 composite?
False
Is 6031 composite?
True
Is 118183 composite?
True
Is 3435613 a prime number?
True
Is 431567 a prime number?
True
Is 25735 composite?
True
Is 7114 a composite number?
True
Is 81157 a prime number?
True
Is 13093 prime?
True
Is 69959 prime?
True
Is 90973 composite?
True
Is 310573 prime?
False
Is 57637 a composite number?
False
Is 130069 prime?
True
Is 168349 composite?
True
Is 21977 prime?
True
Is 10537 a composite number?
True
Is 102251 a prime number?
True
Is 26869 a composite number?
True
Is 71602 prime?
False
Is 521 prime?
True
Is 1541 a composite number?
True
Is 763 a composite number?
True
Is 169049 prime?
True
Is 12833 prime?
False
Is 3863 a composite number?
False
Is 10193 a prime number?
True
Is 3299 composite?
False
Is 618635 a composite number?
True
Is 4861 composite?
False
Is 8663 a composite number?
False
Is 155609 a prime number?
True
Is 23801 composite?
False
Is 14143 prime?
True
Is 251 a composite number?
False
Is 14321 a composite number?
False
Is 2039 composite?
False
Is 8813171 a composite number?
False
Is 1546453 a prime number?
True
Is 81323 a prime number?
False
Is 251 a composite number?
False
Is 10847 a composite number?
False
Is 2367461 prime?
False
Is 64301 a prime number?
True
Is 53563 prime?
False
Is 4037 a prime number?
False
Is 60934 a composite number?
True
Is 22961 a prime number?
True
Is 215207 a composite number?
True
Is 419987 a composite number?
True
Is 60289 prime?
True
Is 717397 composite?
False
Is 459661 prime?
False
Is 87251 a prime number?
True
Is 984899 a prime number?
False
Is 18341 a composite number?
False
Is 1539913 a prime number?
True
Is 732229 a composite number?
False
Is 207941 prime?
True
Is 14759 a prime number?
True
Is 4619 composite?
True
Is 33955 prime?
False
Is 70277 prime?
False
Is 1317 a composite number?
True
Is 2179121 a composite number?
True
Is 7151489 prime?
True
Is 41279 a composite number?
True
Is 1529 prime?
False
Is 84283 a prime number?
False
Is 85929 composite?
True
Is 2265979 a composite number?
False
Is 268969 a composite number?
False
Is 452539 prime?
True
Is 147865 a composite number?
True
Is 21799 a composite number?
False
Is 222659 a prime number?
True
Is 379 a composite number?
False
Is 475037 a composite number?
False
Is 1301437 prime?
True
Is 21701 prime?
True
Is 76943 composite?
False
Is 5440793 a composite number?
False
Is 1295051 a prime number?
True
Is 246199 composite?
True
Is 2462089 composite?
True
Is 861963 a composite number?
True
Is 181705 composite?
True
Is 17971 prime?
True
Is 225217 a prime number?
True
Is 4464821 prime?
True
Is 37231 a prime number?
False
Is 2159 prime?
False
Is 410083 a composite number?
True
Is 2417 a prime number?
True
Is 10893 composite?
True
Is 5311 composite?
True
Is 807299 composite?
False
Is 193649 a composite number?
False
Is 1683467 prime?
True
Is 5221 a composite number?
True
Is 73417 composite?
False
Is 25503 prime?
False
Is 70139 a prime number?
True
Is 25523 a prime number?
True
Is 62633 a prime number?
True
Is 2939 composite?
False
Is 9641 a prime number?
False
Is 554111 a composite number?
True
Is 1973 prime?
True
Is 129341 a composite number?
False
Is 4663 a composite number?
False
Is 62773 a prime number?
True
Is 95063 composite?
False
Is 51797 prime?
True
Is 65167 a prime number?
True
Is 467 prime?
True
Is 48799 composite?
False
Is 1473295 a composite number?
True
Is 95393 prime?
True
Is 377123 composite?
False
Is 7451 prime?
True
Is 13063 a prime number?
True
Is 616423 composite?
True
Is 479 prime?
True
Is 2785 prime?
False
Is 7261 prime?
False
Is 6778 a composite number?
True
Is 42899 a prime number?
True
Is 27629 a prime number?
False
Is 93701 a composite number?
False
Is 47227 prime?
False
Is 31427 a prime number?
False
Is 439849 composite?
False
Is 57839 composite?
False
Is 3203 prime?
True
Is 5381 composite?
False
Is 23809 a composite number?
True
Is 1245947 prime?
False
Is 6073 prime?
True
Is 1254034 composite?
True
Is 39071 prime?
False
Is 56179 a prime number?
True
Is 35611 composite?
True
Is 69 a composite number?
True
Is 26081 a composite number?
True
Is 49501 a prime number?
False
Is 91331 a prime number?
True
Is 1217585 composite?
True
Is 535179 a prime number?
False
Is 29333 a prime number?
True
Is 57637 prime?
True
Is 41213 prime?
True
Is 259 a prime number?
False
Is 13911 composite?
True
Is 15707 composite?
True
Is 778891 a composite number?
True
Is 6329 a composite number?
False
Is 466405 a composite number?
True
Is 289649 a prime number?
False
Is 69283 a composite number?
True
Is 861995 composite?
True
Is 27543 a prime number?
False
Is 170141 composite?
False
Is 20081 a prime number?
False
Is 6757 a composite number?
True
Is 41806 prime?
False
Is 3113173 prime?
False
Is 2885 prime?
False
Is 780799 composite?
False
Is 66227 prime?
False
Is 1931 prime?
True
Is 499 composite?
False
Is 11113 a composite number?
False
Is 7031 a prime number?
False
Is 96629 a composite number?
True
Is 51367 composite?
True
Is 47071 a prime number?
False
Is 1409 composite?
False
Is 20993 a composite number?
True
Is 499349 a composite number?
False
Is 16183 prime?
True
Is 110681 prime?
True
Is 3824063 composite?
True
Is 9029 prime?
True
Is 5557445 prime?
False
Is 204423 composite?
True
Is 7801 a composite number?
True
Is 1637 a prime number?
True
Is 4009 a prime number?
False
Is 268069 composite?
False
Is 5209 a prime number?
True
Is 466149 a composite number?
True
Is 88289 a prime number?
True
Is 93281 a prime number?
True
Is 152549 prime?
False
Is 2637751 a prime number?
False
Is 61519 prime?
True
Is 59009 composite?
False
Is 1027261 a prime number?
True
Is 20441 a prime number?
True
Is 3353 a prime number?
False
Is 360529 composite?
True
Is 6038 prime?
False
Is 120319 a composite number?
False
Is 3043 composite?
True
Is 2153 a composite number?
False
Is 19898 composite?
True
Is 885473 a composite number?
False
Is 206059 a composite number?
True
Is 12531 composite?
True
Is 319019 composite?
True
Is 120157 prime?
True
Is 266843 a prime number?
False
Is 1925971 a composite number?
False
Is 36181 a prime number?
False
Is 41687 a prime number?
True
Is 743137 composite?
False
Is 174449 prime?
False
Is 1213 a prime number?
True
Is 19555 a prime number?
False
Is 397 a prime number?
True
Is 13001 a composite number?
False
Is 67699 prime?
True
Is 265667 prime?
False
Is 53353 composite?
False
Is 52759 prime?
False
Is 13049 prime?
True
Is 416147 a composite number?
False
Is 84059 prime?
True
Is 2863 a prime number?
False
Is 717173 a composite number?
True
Is 60373 prime?
True
Is 225257 a composite number?
False
Is 1166639 prime?
True
Is 239653 a prime number?
False
Is 1777 composite?
False
Is 113357 a composite number?
False
Is 49727 prime?
True
I